 and 6328.
56
What is the highest common divisor of 14 and 21?
7
What is the highest common factor of 312 and 56?
8
Calculate the highest common factor of 2387 and 385.
77
Calculate the greatest common divisor of 32 and 256.
32
Calculate the greatest common factor of 49 and 14.
7
What is the highest common factor of 252 and 10444?
28
Calculate the greatest common divisor of 156 and 1716.
156
Calculate the highest common factor of 91 and 611.
13
Calculate the greatest common factor of 160 and 43.
1
What is the highest common divisor of 7 and 466?
1
What is the highest common factor of 20 and 4610?
10
What is the greatest common divisor of 89 and 7387?
89
Calculate the greatest common factor of 1349 and 19.
19
Calculate the highest common divisor of 4768 and 6258.
298
Calculate the greatest common factor of 644 and 336.
28
Calculate the greatest common divisor of 114 and 60.
6
What is the highest common factor of 3751 and 6138?
341
Calculate the highest common divisor of 285 and 8455.
95
Calculate the highest common factor of 14 and 4501.
7
What is the greatest common divisor of 205 and 10?
5
What is the greatest common divisor of 496 and 16?
16
What is the greatest common factor of 138 and 2622?
138
Calculate the greatest common divisor of 101 and 18.
1
What is the highest common divisor of 2787 and 12?
3
What is the highest common factor of 130 and 200?
10
What is the highest common factor of 18 and 102?
6
What is the highest common divisor of 522 and 9?
9
Calculate the greatest common divisor of 21 and 28.
7
Calculate the highest common factor of 69 and 3.
3
What is the highest common divisor of 5 and 2395?
5
What is the greatest common factor of 4 and 4?
4
What is the highest common factor of 23 and 2?
1
What is the highest common divisor of 58 and 20?
2
Calculate the highest common factor of 55 and 225.
5
Calculate the highest common factor of 3 and 4173.
3
What is the greatest common factor of 36 and 412?
4
What is the highest common factor of 24 and 36?
12
What is the greatest common factor of 11 and 583?
11
Calculate the greatest common divisor of 15 and 354.
3
What is the highest common divisor of 26530 and 140?
70
Calculate the highest common divisor of 17 and 2669.
17
What is the highest common divisor of 3942 and 90?
18
What is the highest common factor of 370 and 10?
10
Calculate the greatest common factor of 49 and 11809.
49
Calculate the highest common divisor of 21315 and 174.
87
What is the highest common divisor of 32 and 8032?
32
Calculate the highest common factor of 91 and 7.
7
Calculate the greatest common factor of 600 and 10.
10
Calculate the greatest common divisor of 188 and 141.
47
What is the highest common divisor of 154 and 110?
22
Calculate the greatest common divisor of 105 and 12642.
21
What is the highest common divisor of 9 and 27549?
9
What is the greatest common factor of 52 and 36?
4
Calculate the highest common divisor of 58 and 4.
2
Calculate the highest common divisor of 296 and 19980.
148
What is the greatest common factor of 86 and 129?
43
What is the greatest common divisor of 2236 and 416?
52
Calculate the greatest common divisor of 30 and 390.
30
What is the greatest common factor of 742 and 530?
106
What is the greatest common factor of 16 and 4096?
16
What is the highest common factor of 6 and 86?
2
Calculate the highest common divisor of 83 and 83.
83
What is the highest common factor of 3237 and 26?
13
What is the highest common factor of 80 and 180?
20
Calculate the highest common divisor of 2452 and 4.
4
What is the greatest common factor of 7 and 287?
7
Calculate the highest common divisor of 91 and 63.
7
What is the greatest common factor of 53 and 2650?
53
What is the greatest common factor of 288 and 36?
36
What is the highest common factor of 55 and 1793?
11
Calculate the greatest common divisor of 410 and 640.
10
What is the greatest common factor of 338 and 22?
2
Calculate the highest common factor of 527 and 62.
31
Calculate the greatest common factor of 81 and 288.
9
What is the greatest common divisor of 23119 and 122?
61
What is the highest common factor of 5753 and 209?
11
Calculate the greatest common divisor of 101055 and 15.
15
What is the highest common factor of 850 and 68?
34
What is the highest common factor of 161 and 69?
23
Calculate the greatest common divisor of 7 and 406.
7
What is the greatest common divisor of 13 and 2041?
13
Calculate the greatest common divisor of 129 and 2752.
43
What is the highest common divisor of 49 and 6860?
49
What is the greatest common divisor of 1749 and 106?
53
What is the highest common divisor of 37 and 78921?
37
What is the greatest common factor of 351 and 273?
39
Calculate the highest common divisor of 14 and 189.
7
What is the greatest common factor of 9 and 30780?
9
What is the greatest common factor of 243 and 3?
3
Calculate the highest common divisor of 6510 and 21.
21
Calculate the highest common factor of 14 and 3857.
7
Calculate the greatest common divisor of 7532 and 84.
28
Calculate the greatest common divisor of 198 and 36.
18
Calculate the highest common factor of 416 and 78.
26
Calculate the highest common divisor of 80 and 2896.
16
What is the greatest common divisor of 324 and 156?
12
What is the highest common divisor of 26 and 13052?
26
What is the highest common factor of 21 and 525?
21
What is the greatest common divisor of 6 and 4500?
6
What is the greatest common factor of 72 and 8?
8
What is the greatest common factor of 23464 and 16?
8
Calculate the greatest common divisor of 1300 and 400.
100
What is the highest common factor of 2 and 366?
2
What is the greatest common divisor of 7439 and 173?
173
What is the greatest common factor of 32 and 224?
32
What is the highest common divisor of 76 and 152?
76
What is the greatest common factor of 275 and 11?
11
What is the highest common factor of 540 and 324?
108
Calculate the greatest common divisor of 26 and 16653.
13
Calculate the greatest common factor of 46 and 8.
2
What is the highest common factor of 1267 and 5430?
181
Calculate the highest common divisor of 16 and 36496.
16
Calculate the greatest common factor of 36 and 16623.
9
What is the greatest common factor of 16 and 19216?
16
Calculate the highest common factor of 79 and 2528.
79
What is the greatest common divisor of 30 and 645?
15
Calculate the greatest common factor of 84 and 69.
3
Calculate the greatest common factor of 111 and 7918.
37
Calculate the greatest common factor of 4378 and 22.
22
What is the highest common factor of 376 and 4?
4
Calculate the greatest common factor of 60 and 13980.
60
What is the greatest common divisor of 13407 and 123?
123
Calculate the greatest common divisor of 90 and 4014.
18
Calculate the greatest common factor of 2037 and 63.
21
What is the highest common divisor of 161 and 1288?
161
What is the highest common divisor of 46818 and 18?
18
Calculate the highest common factor of 416 and 36.
4
Calculate the greatest common divisor of 2560 and 400.
80
Calculate the greatest common divisor of 24768 and 32.
32
Calculate the highest common divisor of 203 and 232.
29
Calculate the highest common factor of 65 and 35.
5
Calculate the greatest common factor of 187 and 51.
17
What is the greatest common divisor of 650 and 104?
26
Calculate the greatest common factor of 69 and 184.
23
What is the highest common factor of 8281 and 845?
169
What is the highest common factor of 1224 and 34?
34
Calculate the highest common divisor of 77 and 33.
11
What is the greatest common factor of 124 and 217?
31
Calculate the greatest common divisor of 2 and 9.
1
What is the greatest common factor of 2 and 37?
1
What is the greatest common factor of 10 and 390?
10
Calculate the highest common factor of 767 and 65.
13
What is the highest common factor of 207 and 1909?
23
What is the highest common divisor of 38 and 13756?
38
What is the greatest common divisor of 42 and 35?
7
Calculate the greatest common divisor of 1598 and 238.
34
Calculate the highest common divisor of 92 and 782.
46
What is the greatest common divisor of 32 and 736?
32
What is the highest common factor of 1408 and 308?
44
What is the greatest common factor of 13 and 3?
1
Calculate the greatest common factor of 148 and 5